6 = 3*p, 0 = -2*p - 3*p - q + 10. What is the greatest common divisor of p and 22?
2
Let d(v) = 5*v**2 + 3*v. Let q be d(-3). Let k be 660/70 - (-6)/(-14). What is the highest common divisor of q and k?
9
Let r = 24 - 0. Let g be (r/(-10))/(4/(-20)). What is the highest common divisor of g and 60?
12
Let p(y) = y**3 - 4*y**2 - 4*y + 5. Let w be p(5). Suppose -3*g = -5 + 2. Suppose -2*q + q + g = 0. What is the greatest common factor of w and q?
1
Let f be (-2)/11 + 884/22. Let l(v) = -v**3 + 7*v**2 - 6*v + 5. Let k be l(6). Suppose k*o - 58 = -8. Calculate the greatest common factor of f and o.
10
Let y be -10*(-4)/2*(-7)/(-4). Let p(t) = 3*t + 1. Let g be p(2). What is the highest common divisor of y and g?
7
Let z be ((-21)/9)/(6/(-18)). Suppose -9*c + 8*c + 56 = 0. Calculate the greatest common divisor of c and z.
7
Let t be (-2431)/(-44) - (-3)/4. What is the greatest common factor of 14 and t?
14
Suppose 3*v = 4 + 5. Suppose -2*z - 4*i + 24 = 0, 2*z + i = -v*z + 51. What is the highest common factor of 20 and z?
10
Suppose -128 + 33 = -k. Suppose 190 = 5*h - 0*h. What is the highest common factor of k and h?
19
Let y(b) = 16*b**2 + b - 1. Let u be y(1). Let z = 11 + -7. Suppose 3*o = 2*q + 128, -z*o - 4*q + 152 = -2*q. Calculate the highest common factor of u and o.
8
Suppose 19 = 2*v + 4*m - 17, 0 = -2*v + 3*m + 43. Suppose z = -5*r + v, 25 = 5*r + 5*z - 15. Calculate the greatest common factor of 3 and r.
3
Let s = -5 + 8. Let t be (-3)/(-9) - (-26)/s. Let l(v) = 24*v + 3. Let y be l(4). What is the highest common divisor of t and y?
9
Suppose 30 = 2*g - 0. Suppose -3*y = 3, -3*f + 6*f + g = 3*y. Let i be (f/(-9))/(2/63). What is the greatest common divisor of i and 21?
21
Let h(m) = -2*m. Let x be h(-2). Suppose -4*v + v = -x*o - 47, 2*v = -4*o - 2. Calculate the highest common factor of v and 9.
9
Let q be (-75)/(-6) + 2/4. Let v(f) = 12*f**2 + 6*f - 3. Let k be v(-5). Let y = -124 + k. Calculate the highest common factor of q and y.
13
Suppose 5*k - 390 = -110. Suppose -16*c + 131 = -93. Calculate the greatest common divisor of k and c.
14
Let u = 45 + 115. What is the highest common factor of u and 5?
5
Suppose 3*q + 0*q - 66 = 0. Calculate the highest common divisor of 22 and q.
22
Suppose 0*a + 5*j - 16 = 4*a, j = a + 3. Let n be (-2)/(-5)*5*-1. Let u be 14 + (n - 0)/a. What is the greatest common divisor of u and 30?
6
Let a(u) = -u**2 - 9*u - 17. Let t be a(-4). Calculate the highest common divisor of 6 and t.
3
Suppose -2*n + 2*j + 74 = 0, 2*j = 4*n - j - 147. Suppose -4*w + 140 = n. Suppose -4 = o, 0*i - 5*i - o + 61 = 0. What is the highest common divisor of i and w?
13
Suppose -4*s + 246 = -18. What is the highest common factor of s and 44?
22
Let r = 25 - 20. Suppose -r*u + 19 = 4. What is the highest common factor of 21 and u?
3
Let r = 24 - 0. What is the greatest common factor of 6 and r?
6
Let z(l) = -l**3 + l**2 - 2*l + 50. Let c be z(0). What is the highest common divisor of c and 40?
10
Let l(s) = 2*s**3 - 17*s**2 - 6*s + 7. Let y be l(9). What is the greatest common factor of y and 170?
34
Let g(q) = -4*q**3 - 2*q**2 - q + 3. Let y be g(-3). Calculate the greatest common divisor of 24 and y.
24
Suppose -32 = -37*k + 33*k. Calculate the greatest common divisor of 8 and k.
8
Suppose -d + 32 + 16 = s, 4*s = 4*d + 192. Calculate the greatest common divisor of 72 and s.
24
Suppose 3*w - 10 = 17. Let r be (w/6)/((-1)/(-60)). Let s(b) = 10*b - 2. Let m be s(2). What is the greatest common divisor of m and r?
18
Suppose -3 = -5*d + 4*d. Let c be 3 - 90/(d + -6). Calculate the greatest common factor of c and 3.
3
Suppose 405 = -76*q + 79*q. What is the highest common divisor of 15 and q?
15
Let q = 8 - 8. Let f be (-92)/(-2)*(3 - q). Calculate the greatest common factor of f and 23.
23
Suppose -4*j - 17 = -73. Suppose -j = -3*b + 10. What is the greatest common factor of b and 40?
8
Let b(q) = 2*q - 5. Suppose s - 24 = 5*h, -4*h - 1 + 7 = 2*s. Let f be b(s). Suppose c - 22 - 121 = 0. What is the highest common divisor of c and f?
13
Suppose 4*x - i - 604 = 3*i, 0 = -5*x - 4*i + 719. Let l = -67 + x. What is the greatest common divisor of 20 and l?
20
Suppose 0 = 3*g + 15, 3*g + 64 = 3*k - 2*k. Let u = k + -35. Let j be 56/(-20)*(0 + -15). Calculate the greatest common divisor of j and u.
14
Let k(l) = 14*l - 5. Suppose 4 = -4*w + 52. Suppose 4*d = 3*m - w, 0 = -m - 3*d + 7*d + 4. Let x be k(m). Calculate the highest common divisor of 17 and x.
17
Suppose -j - 3*j = 2*x - 8, 20 = -4*x + j. Let a be 1/x - (-25)/4. What is the greatest common divisor of a and 42?
6
Let h = 174 - 114. What is the highest common divisor of h and 24?
12
Let d(w) = -5*w**3 - w**2 - w - 2. Suppose 3*q + h = -11, -2*q - q - 3*h - 21 = 0. Let k be d(q). What is the highest common divisor of k and 12?
12
Let w(t) = t**3 + 7*t**2 + 5*t - 7. Let p be w(-6). Let c be 0 + -3 - -12 - p. Calculate the greatest common divisor of 80 and c.
10
Let r(g) = -g**3 + 11*g**2 - 7*g. Let b be r(10). Let s be (-1 + 2)/(2/b). What is the highest common factor of 5 and s?
5
Suppose -s + 6 = 4*f, s = -4*s + 2*f + 8. Let g be ((-15)/(-6))/(s/8). Let p(z) = 23*z - 2. Let i be p(4). What is the greatest common factor of g and i?
10
Let a(n) = 4*n**2 + 9*n - 10. Let v be a(-5). Calculate the highest common factor of v and 18.
9
Let b(g) = -g**3 - 16*g**2 - 15*g + 13. Let r be b(-15). What is the highest common divisor of r and 143?
13
Let w be 33*-4*((-56)/12 - -4). Let r(g) = 11*g. Let c be r(1). Calculate the greatest common divisor of c and w.
11
Let w be -1*(1 + -2) + 0. Let o be w/((5/24)/5). Calculate the greatest common factor of o and 264.
24
Let u(v) = 8*v - 10. Let j(l) = l. Let h(a) = -12*j(a) + u(a). Let c be (-2)/(18/14 - 1). Let d be h(c). Calculate the highest common divisor of d and 27.
9
Suppose 2*l + t - 96 = 0, 3*l + 0*l - 144 = -5*t. Calculate the greatest common factor of 120 and l.
24
Suppose -5*b = -4*m - 36, 19 + 1 = 3*b - 4*m. What is the greatest common divisor of b and 88?
8
Let h(i) = i**3 + i**2 + i + 27. Let r be h(0). Calculate the highest common factor of r and 243.
27
Suppose 3*y = -2*y + 5. Let t = 6 + y. Suppose -3*j = 4*q + t, j = -5*q - j. Calculate the greatest common divisor of 2 and q.
2
Suppose -2*t + 28 = -14. Let b be 1 + 836/(4/1). What is the greatest common divisor of t and b?
21
Let j = 37 - -40. Let m be (6/4)/((-6)/(-28)). Calculate the greatest common factor of j and m.
7
Let b be (-1703)/(-104) - (-6)/(-16). Let p = -203 + 315. Calculate the greatest common factor of b and p.
16
Let q be 724/14 + (-4)/(-14). Let n = 37 - 24. Calculate the highest common divisor of n and q.
13
Let m(f) = -f**3 - 8*f**2 - 2*f - 10. Let h be m(-8). What is the highest common divisor of h and 3?
3
Let z = -46 + 54. What is the highest common divisor of z and 8?
8
Suppose -4*s - 14 + 94 = 0. Let u = 8 + -6. Suppose -u*w = -82 - 278. What is the highest common divisor of s and w?
20
Let f = -6 - -4. Let n be (f/5)/((-1)/5). Suppose -33 = -n*s - 5*c, -4*c = -s + 5 + 5. What is the greatest common factor of s and 126?
14
Let i = 28 + 55. Let w = -43 + i. Calculate the highest common divisor of 16 and w.
8
Suppose -3*h = 2*n - 2*h - 20, -3*h + 12 = 0. Calculate the highest common divisor of n and 1.
1
Let h = -24 + 62. Calculate the highest common divisor of h and 304.
38
Suppose -3*m = m. Suppose 0 = 3*b - r - 115, b - 5*r - 20 - 9 = m. Calculate the highest common factor of b and 13.
13
Suppose 61*b - 60 = 56*b. What is the greatest common divisor of b and 96?
12
Let j = 4 - -2. Let h = 6 - 7. Let o(k) = -67*k - 1. Let u be o(h). What is the highest common divisor of j and u?
6
Let f(y) = y**3 + 12*y**2 + y + 14. Let h be f(-12). Suppose -4*l - 4*o = -16, h*o + 7 = 5*l + 1. What is the highest common factor of l and 18?
2
Let b be (2/4 + 0)*4. Suppose b*m + 0*m = -2. Let k be 2 + 0 + 1/m. Calculate the highest common divisor of k and 5.
1
Suppose -l = -4*s - 20, 3*s = -3*l + 2*l + 27. What is the greatest common factor of l and 12?
12
Let f(g) = 6*g**2 + 2*g - 2. Let v be f(2). What is the highest common factor of v and 39?
13
Suppose 9*p = 5*p + 88. What is the highest common divisor of 2 and p?
2
Let g = 210 - 39. Calculate the greatest commo